{"id":12,"date":"2026-01-26T09:07:43","date_gmt":"2026-01-26T09:07:43","guid":{"rendered":"https:\/\/wp.tims-fr.com\/?page_id=12"},"modified":"2026-04-23T14:01:05","modified_gmt":"2026-04-23T14:01:05","slug":"accueil","status":"publish","type":"page","link":"https:\/\/wp.tims-fr.com\/","title":{"rendered":"ACCUEIL"},"content":{"rendered":"\n<section class=\"wp-block-cover alignfull\" style=\"margin-top:0px;padding-top:1.01rem;padding-bottom:1.01rem;min-height:430px;aspect-ratio:unset;\"><img decoding=\"async\" class=\"wp-block-cover__image-background wp-image-357 size-large\" alt=\"\" src=\"https:\/\/timsfr.wordpress.com\/wp-content\/uploads\/2025\/07\/pieces-allu-4.png?w=1024\" data-object-fit=\"cover\"\/><span aria-hidden=\"true\" class=\"wp-block-cover__background has-contrast-background-color has-background-dim-60 has-background-dim\"><\/span><div class=\"wp-block-cover__inner-container has-global-padding is-layout-constrained wp-container-core-cover-is-layout-b1bebcb3 wp-block-cover-is-layout-constrained\">\n<div class=\"wp-block-group has-text-color is-layout-flow wp-block-group-is-layout-flow\" style=\"color:#fffffd;margin-top:0px;padding-top:0rem;padding-right:1rem;padding-bottom:0rem;padding-left:1rem;font-size:clamp(0.875rem, 0.875rem + ((1vw - 0.2rem) * 0.425), 1.13rem);font-style:normal;font-weight:400;line-height:1.4\">\n<div class=\"wp-block-group has-global-padding is-layout-constrained wp-container-core-group-is-layout-bdbfdc43 wp-block-group-is-layout-constrained\">\n<p><\/p>\n\n\n\n<h2 class=\"wp-block-heading has-text-align-center has-text-color\" style=\"color:#fffffd;margin-bottom:0rem;font-size:clamp(1.507rem, 1.507rem + ((1vw - 0.2rem) * 1.672), 2.51rem);font-style:normal;font-weight:400;line-height:1.2\">DES PIECES DE PRECISIONS POUR TOUS LES BESOINS DE L&rsquo;INDUSTRIE<\/h2>\n\n\n\n<p class=\"has-text-align-center\" style=\"font-size:clamp(0.984rem, 0.984rem + ((1vw - 0.2rem) * 0.86), 1.5rem);\">Tims fournit des solutions microm\u00e9caniques sur mesure, en petite, moyenne ou grande s\u00e9rie avec une priorit\u00e9 la qualit\u00e9.<\/p>\n\n\n\n<p class=\"has-large-font-size\"><strong>           <\/strong><\/p>\n\n\n\n<p class=\"has-large-font-size\"><strong>                                                                      <\/strong><\/p>\n<\/div>\n\n\n\n<div class=\"wp-block-group is-vertical is-content-justification-stretch is-layout-flex wp-container-core-group-is-layout-bfdebe91 wp-block-group-is-layout-flex\" style=\"margin-top:1.81rem;padding-right:0px;padding-left:0px\">\n<div class=\"wp-block-group has-global-padding is-content-justification-center is-layout-constrained wp-container-core-group-is-layout-2f0bcb29 wp-block-group-is-layout-constrained\" style=\"margin-top:0px\">\n<div class=\"wp-block-buttons is-horizontal is-content-justification-right is-layout-flex wp-container-core-buttons-is-layout-099266fd wp-block-buttons-is-layout-flex\" style=\"margin-top:0.51rem\">\n<div class=\"wp-block-button has-custom-width wp-block-button__width-100 is-style-fill\"><a class=\"wp-block-button__link has-text-color has-background has-custom-font-size wp-element-button\" href=\"https:\/\/wp.tims-fr.com\/?page_id=15\" style=\"border-style:none;border-width:0px;border-radius:0rem;color:#fffffd;background-color:#e27013;padding-top:0.71rem;padding-right:0.31rem;padding-bottom:0.71rem;padding-left:0.31rem;font-size:clamp(0.875rem, 0.875rem + ((1vw - 0.2rem) * 0.225), 1.01rem);font-style:normal;font-weight:600;line-height:1.5;text-transform:uppercase\">nous contacter<\/a><\/div>\n<\/div>\n<\/div>\n<\/div>\n<\/div>\n<\/div><\/section>\n\n\n\n<section class=\"wp-block-group alignfull has-global-padding is-layout-constrained wp-container-core-group-is-layout-05455e64 wp-block-group-is-layout-constrained\" style=\"margin-top:0px;padding-top:6rem;padding-right:1rem;padding-bottom:4.5rem;padding-left:1rem;font-size:clamp(0.875rem, 0.875rem + ((1vw - 0.2rem) * 0.425), 1.13rem);font-style:normal;font-weight:400;line-height:1.4\">\n<div class=\"wp-block-columns is-layout-flex wp-container-core-columns-is-layout-2e7296b4 wp-block-columns-is-layout-flex\" style=\"margin-bottom:0px\">\n<div class=\"wp-block-column is-vertically-aligned-center is-layout-flow wp-block-column-is-layout-flow\" style=\"padding-right:1rem;padding-left:1rem;flex-basis:35%\">\n<figure class=\"wp-block-image aligncenter size-full is-resized\"><img decoding=\"async\" src=\"https:\/\/timsfr.wordpress.com\/wp-content\/uploads\/2025\/07\/dekra-seal-en-9100.jpg\" alt=\"\" class=\"wp-image-122\" style=\"width:350px\"\/><\/figure>\n<\/div>\n\n\n\n<div class=\"wp-block-column has-global-padding is-layout-constrained wp-container-core-column-is-layout-b4ec969c wp-block-column-is-layout-constrained\" style=\"padding-top:2.01rem\">\n<div class=\"wp-block-group has-global-padding is-layout-constrained wp-container-core-group-is-layout-dca71664 wp-block-group-is-layout-constrained\" style=\"min-height:100%\">\n<h3 class=\"wp-block-heading has-text-align-center has-text-color\" style=\"color:#010101;margin-top:0.5rem;margin-bottom:0rem;font-size:clamp(1.556rem, 1.556rem + ((1vw - 0.2rem) * 1.757), 2.61rem);font-style:normal;font-weight:500;letter-spacing:0px;line-height:1.3\">Certification<strong> EN9100 &amp; ISO9001<\/strong><\/h3>\n\n\n\n<p class=\"has-text-align-left has-contrast-color has-text-color has-link-color wp-elements-ecf820f2864725a2b19c905f8995bc23\">Les objectifs de la d\u00e9marche qualit\u00e9 de l\u2019entreprise se traduisent par l\u2019acronyme <strong>OQOTOC&nbsp;<\/strong>(<strong>On Quality<\/strong>, <strong>On Time<\/strong>, <strong>On Cost<\/strong>) issu du monde a\u00e9ronautique&nbsp;:<\/p>\n\n\n\n<p class=\"has-contrast-color has-text-color has-link-color wp-elements-02e34c465a4dab2b807ba197d7ca26a3\"><strong>On Quality<\/strong>: s\u2019assurer de la pr\u00e9cellence de nos produits en r\u00e9pondant \u00e0 l\u2019ensemble des exigences clients et donner pour cela les moyens de r\u00e9ussir \u00e0 chaque fonction;<\/p>\n\n\n\n<p class=\"has-contrast-color has-text-color has-link-color wp-elements-01ff340dcac8fb3c60ce06d732e0fd39\"><strong>On Time<\/strong>: s\u2019approprier les besoins de nos clients&nbsp;et personnaliser l\u2019interaction avec eux de fa\u00e7on \u00e0 livrer en temps et en heure;<\/p>\n\n\n\n<p class=\"has-text-align-left has-contrast-color has-text-color has-link-color wp-elements-a9f6b4dbe9da2b73eb06f00f3f1b8ce2\"><strong>On Cost:<\/strong> produire dans de bonnes conditions \u00e9conomiques&nbsp;et ma\u00eetriser le co\u00fbt de revient en diminuant les co\u00fbts li\u00e9s \u00e0 la non-qualit\u00e9;<\/p>\n\n\n\n<div class=\"wp-block-buttons is-horizontal is-content-justification-center is-layout-flex wp-container-core-buttons-is-layout-a300a970 wp-block-buttons-is-layout-flex\" style=\"margin-top:0.51rem\">\n<div class=\"wp-block-button has-custom-width wp-block-button__width-50 is-style-fill\"><a class=\"wp-block-button__link has-text-color has-background has-pontano-sans-font-family has-custom-font-size wp-element-button\" href=\"https:\/\/wp.tims-fr.com\/?page_id=104\" style=\"border-style:none;border-width:0px;border-radius:0rem;color:#fffffd;background-color:#e27013;padding-top:0.71rem;padding-right:0.31rem;padding-bottom:0.71rem;padding-left:0.31rem;font-size:clamp(0.875rem, 0.875rem + ((1vw - 0.2rem) * 0.225), 1.01rem);font-style:normal;font-weight:600;letter-spacing:1px;line-height:1.5;text-transform:uppercase\">QUALITE<\/a><\/div>\n<\/div>\n<\/div>\n\n\n\n<p><\/p>\n\n\n\n<div class=\"wp-block-group has-global-padding is-layout-constrained wp-container-core-group-is-layout-dca71664 wp-block-group-is-layout-constrained\" style=\"min-height:100%\">\n<p class=\"has-text-align-left has-contrast-color has-text-color has-link-color wp-elements-8ede2a657ee18db1cc9dabc02b3b7a09\"><\/p>\n<\/div>\n<\/div>\n<\/div>\n<\/section>\n\n\n\n<section class=\"wp-block-group alignfull has-global-padding is-layout-constrained wp-container-core-group-is-layout-8202059b wp-block-group-is-layout-constrained\" style=\"margin-top:0px;padding-top:6rem;padding-right:1rem;padding-bottom:6rem;padding-left:1rem;font-size:clamp(0.875rem, 0.875rem + ((1vw - 0.2rem) * 0.425), 1.13rem);font-style:normal;font-weight:400;line-height:1.4\">\n<div class=\"wp-block-group alignfull has-background is-layout-flow wp-block-group-is-layout-flow\" style=\"background-color:#e27013;margin-top:0px;margin-bottom:0px;padding-top:0rem;padding-right:1px;padding-bottom:2.01rem;padding-left:1px\">\n<div class=\"wp-block-columns alignfull is-layout-flex wp-container-core-columns-is-layout-35290b6f wp-block-columns-is-layout-flex\" style=\"padding-top:0rem\">\n<div class=\"wp-block-column is-layout-flow wp-block-column-is-layout-flow\" style=\"padding-top:1rem;padding-right:0rem;padding-bottom:1rem;padding-left:0rem\">\n<div class=\"wp-block-cover\" style=\"padding-right:0.51rem;padding-left:0.51rem;min-height:390px;aspect-ratio:unset;\"><img decoding=\"async\" class=\"wp-block-cover__image-background wp-image-96 size-large\" alt=\"\" src=\"https:\/\/timsfr.wordpress.com\/wp-content\/uploads\/2025\/07\/akram-huseyn-qv8jewwuhsi-unsplash.jpg?w=683\" data-object-fit=\"cover\"\/><span aria-hidden=\"true\" class=\"wp-block-cover__background has-contrast-background-color has-background-dim\"><\/span><div class=\"wp-block-cover__inner-container has-global-padding is-layout-constrained wp-container-core-cover-is-layout-1a3bd245 wp-block-cover-is-layout-constrained\">\n<h3 class=\"wp-block-heading has-text-align-center has-text-color\" style=\"color:#fffffd;font-size:clamp(1.198rem, 1.198rem + ((1vw - 0.2rem) * 1.17), 1.9rem);\"><strong>M\u00e9dical et Param\u00e9dical<\/strong><\/h3>\n<\/div><\/div>\n<\/div>\n\n\n\n<div class=\"wp-block-column is-layout-flow wp-block-column-is-layout-flow\" style=\"padding-top:1rem;padding-right:0rem;padding-bottom:1rem;padding-left:0rem\">\n<div class=\"wp-block-cover\" style=\"padding-right:0.51rem;padding-left:0.51rem;min-height:390px;aspect-ratio:unset;\"><img decoding=\"async\" class=\"wp-block-cover__image-background wp-image-102 size-large\" alt=\"\" src=\"https:\/\/timsfr.wordpress.com\/wp-content\/uploads\/2025\/07\/matheus-cenali-ubyxo3jscns-unsplash.jpg?w=819\" data-object-fit=\"cover\"\/><span aria-hidden=\"true\" class=\"wp-block-cover__background has-contrast-background-color has-background-dim-30 has-background-dim\"><\/span><div class=\"wp-block-cover__inner-container has-global-padding is-layout-constrained wp-container-core-cover-is-layout-1a3bd245 wp-block-cover-is-layout-constrained\">\n<h3 class=\"wp-block-heading has-text-align-center has-text-color\" style=\"color:#fffffd;font-size:clamp(1.146rem, 1.146rem + ((1vw - 0.2rem) * 1.09), 1.8rem);\"><strong>A\u00e9ronautique, D\u00e9fense et Spatiale<\/strong><\/h3>\n<\/div><\/div>\n<\/div>\n\n\n\n<div class=\"wp-block-column is-layout-flow wp-block-column-is-layout-flow\" style=\"padding-top:1rem;padding-right:0rem;padding-bottom:1rem;padding-left:0rem\">\n<div class=\"wp-block-cover\" style=\"padding-right:0.51rem;padding-left:0.51rem;min-height:390px;aspect-ratio:unset;\"><img decoding=\"async\" class=\"wp-block-cover__image-background wp-image-97 size-large\" alt=\"\" src=\"https:\/\/timsfr.wordpress.com\/wp-content\/uploads\/2025\/07\/dan-cristian-padure-bxgveo_rf-o-unsplash.jpg?w=1024\" data-object-fit=\"cover\"\/><span aria-hidden=\"true\" class=\"wp-block-cover__background has-contrast-background-color has-background-dim\"><\/span><div class=\"wp-block-cover__inner-container has-global-padding is-layout-constrained wp-container-core-cover-is-layout-1a3bd245 wp-block-cover-is-layout-constrained\">\n<h3 class=\"wp-block-heading has-text-align-center has-text-color\" style=\"color:#fffffd;font-size:clamp(1.198rem, 1.198rem + ((1vw - 0.2rem) * 1.17), 1.9rem);\"><strong>Connectique<\/strong><\/h3>\n<\/div><\/div>\n<\/div>\n\n\n\n<div class=\"wp-block-column is-layout-flow wp-block-column-is-layout-flow\" style=\"padding-top:1rem;padding-right:0rem;padding-bottom:1rem;padding-left:0rem\">\n<div class=\"wp-block-cover\" style=\"padding-right:0.51rem;padding-left:0.51rem;min-height:390px;aspect-ratio:unset;\"><img decoding=\"async\" class=\"wp-block-cover__image-background wp-image-103 size-large\" alt=\"\" src=\"https:\/\/timsfr.wordpress.com\/wp-content\/uploads\/2025\/07\/industry-3075420_1280-1.jpg?w=1024\" data-object-fit=\"cover\"\/><span aria-hidden=\"true\" class=\"wp-block-cover__background has-contrast-background-color has-background-dim-20 has-background-dim\"><\/span><div class=\"wp-block-cover__inner-container has-global-padding is-layout-constrained wp-container-core-cover-is-layout-1a3bd245 wp-block-cover-is-layout-constrained\">\n<h3 class=\"wp-block-heading has-text-align-center has-text-color\" style=\"color:#fffffd;font-size:clamp(1.198rem, 1.198rem + ((1vw - 0.2rem) * 1.17), 1.9rem);\"><strong>Bien d&rsquo;\u00e9quipement et divers<\/strong><\/h3>\n<\/div><\/div>\n<\/div>\n<\/div>\n<\/div>\n\n\n\n<div class=\"wp-block-columns is-layout-flex wp-container-core-columns-is-layout-03ad6a19 wp-block-columns-is-layout-flex\" style=\"margin-bottom:0px\">\n<div class=\"wp-block-column is-vertically-aligned-center has-global-padding is-layout-constrained wp-container-core-column-is-layout-c4a7d96a wp-block-column-is-layout-constrained\" style=\"flex-basis:50%\">\n<p><\/p>\n\n\n\n<p><\/p>\n\n\n\n<p><\/p>\n\n\n\n<h3 class=\"wp-block-heading has-text-align-left has-text-color has-suranna-font-family\" style=\"color:#010101;margin-top:0.5rem;margin-bottom:0rem;font-size:clamp(24.034px, 1.502rem + ((1vw - 3.2px) * 1.663), 40px);font-style:normal;font-weight:500;letter-spacing:0px;line-height:1.3\">Pourquoi nous choisir ?<\/h3>\n\n\n\n<p class=\"has-text-align-left has-pontano-sans-font-family has-text-color\" style=\"color:#010101;margin-top:20px;margin-bottom:20px;font-size:clamp(14px, 0.875rem + ((1vw - 3.2px) * 0.417), 18px);font-style:normal;font-weight:400;line-height:1.5\">Issue de la tradition horlog\u00e8re de la vall\u00e9e de l\u2019Arve, TIMS est <strong>une entreprise familiale forte d\u2019une grande exp\u00e9rience de la microm\u00e9canique et du d\u00e9colletage<\/strong>. Depuis de tr\u00e8s nombreuses ann\u00e9es, nous proposons \u00e0 nos clients des pi\u00e8ces parfaitement adapt\u00e9es \u00e0 leurs attentes. Elles sont <strong>produites en petites, moyennes ou grandes s\u00e9ries<\/strong>. <\/p>\n\n\n\n<p class=\"has-text-align-left has-pontano-sans-font-family has-text-color\" style=\"color:#010101;margin-top:20px;margin-bottom:20px;font-size:clamp(14px, 0.875rem + ((1vw - 3.2px) * 0.417), 18px);font-style:normal;font-weight:400;line-height:1.5\">La r\u00e9alisation d\u2019ensembles et sous-ensembles fait \u00e9galement partie de l\u2019activit\u00e9.<\/p>\n\n\n\n<p class=\"has-text-align-left has-pontano-sans-font-family has-text-color\" style=\"color:#010101;margin-top:20px;margin-bottom:20px;font-size:clamp(14px, 0.875rem + ((1vw - 3.2px) * 0.417), 18px);font-style:normal;font-weight:400;line-height:1.5\">Fid\u00e8le \u00e0 ses origines, notre entreprise cultive un affect particulier pour la pr\u00e9cision et l\u2019excellence de la fabrication. Vis-\u00e0-vis de nos clients, nous avons \u00e0 c\u0153ur de ne pas limiter nos relations \u00e0 un simple \u00e9change commercial, nous cherchons plut\u00f4t \u00e0 \u00e9tablir un v\u00e9ritable partenariat, en tenant compte de tous leurs souhaits et exigences, en communiquant nos remarques et expertises techniques.<\/p>\n\n\n\n<div class=\"wp-block-buttons is-horizontal is-content-justification-left is-layout-flex wp-container-core-buttons-is-layout-2c34cf1c wp-block-buttons-is-layout-flex\" style=\"margin-top:0.51rem\">\n<div class=\"wp-block-button has-custom-width wp-block-button__width-50 is-style-fill\"><a class=\"wp-block-button__link has-text-color has-background has-pontano-sans-font-family has-custom-font-size wp-element-button\" href=\"https:\/\/wp.tims-fr.com\/?page_id=13\" style=\"border-style:none;border-width:0px;border-radius:0rem;color:#fffffd;background-color:#e27013;padding-top:0.71rem;padding-right:0.31rem;padding-bottom:0.71rem;padding-left:0.31rem;font-size:clamp(0.875rem, 0.875rem + ((1vw - 0.2rem) * 0.225), 1.01rem);font-style:normal;font-weight:600;letter-spacing:1px;line-height:1.5;text-transform:uppercase\">HISTORIQUE<\/a><\/div>\n<\/div>\n<\/div>\n\n\n\n<div class=\"wp-block-column is-vertically-aligned-center is-layout-flow wp-block-column-is-layout-flow\" style=\"flex-basis:50%\">\n<figure class=\"wp-block-image alignright size-full has-custom-border\"><img decoding=\"async\" src=\"https:\/\/timsfr.wordpress.com\/wp-content\/uploads\/2025\/07\/im04-2.jpg\" alt=\"\" class=\"has-border-color has-tertiary-border-color wp-image-186\" style=\"border-width:1px\"\/><\/figure>\n<\/div>\n<\/div>\n<\/section>\n\n\n\n<div class=\"wp-block-cover alignfull is-light\"><img loading=\"lazy\" decoding=\"async\" width=\"1024\" height=\"811\" class=\"wp-block-cover__image-background wp-image-9 size-large\" alt=\"\" src=\"https:\/\/wp.tims-fr.com\/wp-content\/uploads\/2026\/01\/PIECES-THE22-1024x811.png\" style=\"object-position:39% 11%\" data-object-fit=\"cover\" data-object-position=\"39% 11%\" srcset=\"https:\/\/wp.tims-fr.com\/wp-content\/uploads\/2026\/01\/PIECES-THE22-1024x811.png 1024w, https:\/\/wp.tims-fr.com\/wp-content\/uploads\/2026\/01\/PIECES-THE22-300x238.png 300w, https:\/\/wp.tims-fr.com\/wp-content\/uploads\/2026\/01\/PIECES-THE22-768x608.png 768w, https:\/\/wp.tims-fr.com\/wp-content\/uploads\/2026\/01\/PIECES-THE22-1536x1217.png 1536w\" sizes=\"auto, (max-width: 1024px) 100vw, 1024px\" \/><span aria-hidden=\"true\" class=\"wp-block-cover__background has-background-dim-0 has-background-dim\" style=\"background-color:#b37662\"><\/span><div class=\"wp-block-cover__inner-container has-global-padding is-layout-constrained wp-block-cover-is-layout-constrained\">\n<p class=\"has-text-align-center has-large-font-size\"><\/p>\n<\/div><\/div>\n","protected":false},"excerpt":{"rendered":"<p>Certification EN9100 &amp; ISO9001 Les objectifs de la d\u00e9marche qualit\u00e9 de l\u2019entreprise se traduisent par l\u2019acronyme OQOTOC&nbsp;(On Quality, On Time, On Cost) issu du monde a\u00e9ronautique&nbsp;: On Quality: s\u2019assurer de la pr\u00e9cellence de nos produits en r\u00e9pondant \u00e0 l\u2019ensemble des exigences clients et donner pour cela les moyens de r\u00e9ussir \u00e0 chaque fonction; On Time: [&hellip;]<\/p>\n","protected":false},"author":1,"featured_media":0,"parent":0,"menu_order":0,"comment_status":"closed","ping_status":"closed","template":"","meta":{"footnotes":""},"class_list":["post-12","page","type-page","status-publish","hentry"],"_links":{"self":[{"href":"https:\/\/wp.tims-fr.com\/index.php?rest_route=\/wp\/v2\/pages\/12","targetHints":{"allow":["GET"]}}],"collection":[{"href":"https:\/\/wp.tims-fr.com\/index.php?rest_route=\/wp\/v2\/pages"}],"about":[{"href":"https:\/\/wp.tims-fr.com\/index.php?rest_route=\/wp\/v2\/types\/page"}],"author":[{"embeddable":true,"href":"https:\/\/wp.tims-fr.com\/index.php?rest_route=\/wp\/v2\/users\/1"}],"replies":[{"embeddable":true,"href":"https:\/\/wp.tims-fr.com\/index.php?rest_route=%2Fwp%2Fv2%2Fcomments&post=12"}],"version-history":[{"count":14,"href":"https:\/\/wp.tims-fr.com\/index.php?rest_route=\/wp\/v2\/pages\/12\/revisions"}],"predecessor-version":[{"id":172,"href":"https:\/\/wp.tims-fr.com\/index.php?rest_route=\/wp\/v2\/pages\/12\/revisions\/172"}],"wp:attachment":[{"href":"https:\/\/wp.tims-fr.com\/index.php?rest_route=%2Fwp%2Fv2%2Fmedia&parent=12"}],"curies":[{"name":"wp","href":"https:\/\/api.w.org\/{rel}","templated":true}]}}