{"id":104,"date":"2026-04-20T13:47:04","date_gmt":"2026-04-20T13:47:04","guid":{"rendered":"https:\/\/wp.tims-fr.com\/?page_id=104"},"modified":"2026-04-23T14:12:42","modified_gmt":"2026-04-23T14:12:42","slug":"104-2","status":"publish","type":"page","link":"https:\/\/wp.tims-fr.com\/?page_id=104","title":{"rendered":"QUALITE"},"content":{"rendered":"\n<section class=\"wp-block-cover alignfull\" style=\"margin-top:0px;padding-top:1.01rem;padding-bottom:1.01rem;min-height:430px;aspect-ratio:unset;\"><img loading=\"lazy\" decoding=\"async\" width=\"512\" height=\"652\" class=\"wp-block-cover__image-background wp-image-110 size-full\" alt=\"\" src=\"https:\/\/wp.tims-fr.com\/wp-content\/uploads\/2026\/04\/keyence-Capture-decran-2026-04-16-161157.jpg\" style=\"object-position:55% 40%\" data-object-fit=\"cover\" data-object-position=\"55% 40%\" srcset=\"https:\/\/wp.tims-fr.com\/wp-content\/uploads\/2026\/04\/keyence-Capture-decran-2026-04-16-161157.jpg 512w, https:\/\/wp.tims-fr.com\/wp-content\/uploads\/2026\/04\/keyence-Capture-decran-2026-04-16-161157-236x300.jpg 236w\" sizes=\"auto, (max-width: 512px) 100vw, 512px\" \/><span aria-hidden=\"true\" class=\"wp-block-cover__background has-contrast-background-color has-background-dim-60 has-background-dim\"><\/span><div class=\"wp-block-cover__inner-container has-global-padding is-layout-constrained wp-container-core-cover-is-layout-b1bebcb3 wp-block-cover-is-layout-constrained\">\n<div class=\"wp-block-group has-text-color is-layout-flow wp-block-group-is-layout-flow\" style=\"color:#fffffd;margin-top:0px;padding-top:0rem;padding-right:1rem;padding-bottom:0rem;padding-left:1rem;font-size:clamp(0.875rem, 0.875rem + ((1vw - 0.2rem) * 0.425), 1.13rem);font-style:normal;font-weight:400;line-height:1.4\">\n<div class=\"wp-block-group has-global-padding is-layout-constrained wp-container-core-group-is-layout-bdbfdc43 wp-block-group-is-layout-constrained\">\n<p><\/p>\n\n\n\n<h2 class=\"wp-block-heading has-text-align-center has-text-color\" style=\"color:#fffffd;margin-bottom:0rem;font-size:clamp(1.507rem, 1.507rem + ((1vw - 0.2rem) * 1.672), 2.51rem);font-style:normal;font-weight:400;line-height:1.2\">QUALITE &amp; MOYEN DE CONTROLE<\/h2>\n\n\n\n<p class=\"has-text-align-center\" style=\"font-size:clamp(0.984rem, 0.984rem + ((1vw - 0.2rem) * 0.86), 1.5rem);\">Contr\u00f4le dimensionnel et qualit\u00e9 : Une exigence au coeur de notre savoir faire.<\/p>\n\n\n\n<p class=\"has-large-font-size\"><strong>           <\/strong><\/p>\n\n\n\n<p class=\"has-large-font-size\"><strong>                                                                      <\/strong><\/p>\n<\/div>\n\n\n\n<div class=\"wp-block-group is-vertical is-content-justification-stretch is-layout-flex wp-container-core-group-is-layout-bfdebe91 wp-block-group-is-layout-flex\" style=\"margin-top:1.81rem;padding-right:0px;padding-left:0px\">\n<div class=\"wp-block-group has-global-padding is-content-justification-center is-layout-constrained wp-container-core-group-is-layout-2f0bcb29 wp-block-group-is-layout-constrained\" style=\"margin-top:0px\">\n<div class=\"wp-block-buttons is-horizontal is-content-justification-right is-layout-flex wp-container-core-buttons-is-layout-099266fd wp-block-buttons-is-layout-flex\" style=\"margin-top:0.51rem\">\n<div class=\"wp-block-button is-style-fill\"><a class=\"wp-block-button__link has-text-color has-background has-custom-font-size wp-element-button\" href=\"https:\/\/wp.tims-fr.com\/?page_id=15\" style=\"border-style:none;border-width:0px;border-radius:0rem;color:#fffffd;background-color:#e27013;padding-top:0.71rem;padding-right:0.31rem;padding-bottom:0.71rem;padding-left:0.31rem;font-size:clamp(0.875rem, 0.875rem + ((1vw - 0.2rem) * 0.225), 1.01rem);font-style:normal;font-weight:600;line-height:1.5;text-transform:uppercase\">nous contacter<\/a><\/div>\n<\/div>\n<\/div>\n<\/div>\n<\/div>\n<\/div><\/section>\n\n\n\n<section class=\"wp-block-group alignfull has-global-padding is-layout-constrained wp-container-core-group-is-layout-8202059b wp-block-group-is-layout-constrained\" style=\"margin-top:0px;padding-top:6rem;padding-right:1rem;padding-bottom:6rem;padding-left:1rem;font-size:clamp(0.875rem, 0.875rem + ((1vw - 0.2rem) * 0.425), 1.13rem);font-style:normal;font-weight:400;line-height:1.4\">\n<div class=\"wp-block-columns is-layout-flex wp-container-core-columns-is-layout-03ad6a19 wp-block-columns-is-layout-flex\" style=\"margin-bottom:0px\">\n<div class=\"wp-block-column is-vertically-aligned-center has-global-padding is-layout-constrained wp-container-core-column-is-layout-c4a7d96a wp-block-column-is-layout-constrained\" style=\"flex-basis:50%\">\n<h3 class=\"wp-block-heading has-text-align-left has-text-color has-suranna-font-family\" style=\"color:#010101;margin-top:0.5rem;margin-bottom:0rem;font-size:clamp(24.034px, 1.502rem + ((1vw - 3.2px) * 1.663), 40px);font-style:normal;font-weight:500;letter-spacing:0px;line-height:1.3\">Contr\u00f4le dimensionnel :<\/h3>\n\n\n\n<p class=\"has-text-align-left has-pontano-sans-font-family has-text-color\" style=\"color:#010101;margin-top:20px;margin-bottom:20px;font-size:clamp(14px, 0.875rem + ((1vw - 3.2px) * 0.417), 18px);font-style:normal;font-weight:400;line-height:1.5\">En tant qu&rsquo;expert du d\u00e9colletage certifi\u00e9 EN9100 et EN9001, nous mettons \u00e0 votre disposition des <strong>moyens de contr\u00f4le dimensionnel performants et adapt\u00e9s \u00e0 vos exigences.<\/strong><\/p>\n\n\n\n<p class=\"has-text-align-left has-pontano-sans-font-family has-text-color\" style=\"color:#010101;margin-top:20px;margin-bottom:20px;font-size:clamp(14px, 0.875rem + ((1vw - 3.2px) * 0.417), 18px);font-style:normal;font-weight:400;line-height:1.5\">Notre parc d&rsquo;\u00e9quipement inclut notamment un syst\u00e8me cam\u00e9ra de contr\u00f4le assist\u00e9 par ordinateur <strong>Keyence<\/strong>, un <strong>projecteurs de profil<\/strong>, un <strong>rugosim\u00e8tre<\/strong>, un <strong>contourographe<\/strong>, ainsi que des<strong>instruments de<\/strong> <strong>m\u00e9trologie traditionnels<\/strong> ( pieds \u00e0 coulisse, microm\u00e8tres, passam\u00e8tres, comparateurs, tampons et bagues, calibres, micro-mesureurs appareils \u00e0 circularit\u00e9 ).<\/p>\n\n\n\n<p class=\"has-text-align-left has-pontano-sans-font-family has-text-color\" style=\"color:#010101;margin-top:20px;margin-bottom:20px;font-size:clamp(14px, 0.875rem + ((1vw - 3.2px) * 0.417), 18px);font-style:normal;font-weight:400;line-height:1.5\"><\/p>\n\n\n\n<div class=\"wp-block-group has-global-padding is-content-justification-center is-layout-constrained wp-container-core-group-is-layout-2f0bcb29 wp-block-group-is-layout-constrained\" style=\"margin-top:0px\">\n<div class=\"wp-block-buttons is-horizontal is-content-justification-right is-layout-flex wp-container-core-buttons-is-layout-099266fd wp-block-buttons-is-layout-flex\" style=\"margin-top:0.51rem\">\n<div class=\"wp-block-button is-style-fill\"><a class=\"wp-block-button__link has-text-color has-background has-custom-font-size wp-element-button\" href=\"https:\/\/wp.tims-fr.com\/?page_id=14\" style=\"border-style:none;border-width:0px;border-radius:0rem;color:#fffffd;background-color:#e27013;padding-top:0.71rem;padding-right:0.31rem;padding-bottom:0.71rem;padding-left:0.31rem;font-size:clamp(0.875rem, 0.875rem + ((1vw - 0.2rem) * 0.225), 1.01rem);font-style:normal;font-weight:600;line-height:1.5;text-transform:uppercase\">VOIR PARC MACHINE<\/a><\/div>\n<\/div>\n<\/div>\n<\/div>\n\n\n\n<div class=\"wp-block-column is-vertically-aligned-center is-layout-flow wp-block-column-is-layout-flow\" style=\"flex-basis:50%\">\n<figure class=\"wp-block-image alignright size-full has-custom-border\"><img loading=\"lazy\" decoding=\"async\" width=\"513\" height=\"652\" src=\"https:\/\/wp.tims-fr.com\/wp-content\/uploads\/2026\/04\/keyence-Capture-decran-2026-04-16-161139.jpg\" alt=\"\" class=\"has-border-color has-tertiary-border-color wp-image-111\" style=\"border-width:1px\" srcset=\"https:\/\/wp.tims-fr.com\/wp-content\/uploads\/2026\/04\/keyence-Capture-decran-2026-04-16-161139.jpg 513w, https:\/\/wp.tims-fr.com\/wp-content\/uploads\/2026\/04\/keyence-Capture-decran-2026-04-16-161139-236x300.jpg 236w\" sizes=\"auto, (max-width: 513px) 100vw, 513px\" \/><\/figure>\n<\/div>\n<\/div>\n<\/section>\n\n\n\n<figure class=\"wp-block-gallery has-nested-images columns-default is-cropped wp-block-gallery-1 is-layout-flex wp-block-gallery-is-layout-flex\">\n<figure class=\"wp-block-image size-large\"><img loading=\"lazy\" decoding=\"async\" width=\"271\" height=\"351\" data-id=\"117\" src=\"https:\/\/wp.tims-fr.com\/wp-content\/uploads\/2026\/04\/keyence-8000-piece-1.png\" alt=\"\" class=\"wp-image-117\" srcset=\"https:\/\/wp.tims-fr.com\/wp-content\/uploads\/2026\/04\/keyence-8000-piece-1.png 271w, https:\/\/wp.tims-fr.com\/wp-content\/uploads\/2026\/04\/keyence-8000-piece-1-232x300.png 232w\" sizes=\"auto, (max-width: 271px) 100vw, 271px\" \/><\/figure>\n\n\n\n<figure class=\"wp-block-image size-large\"><img loading=\"lazy\" decoding=\"async\" width=\"513\" height=\"600\" data-id=\"116\" src=\"https:\/\/wp.tims-fr.com\/wp-content\/uploads\/2026\/04\/keyence-Capture-decran-2026-04-16-161058.jpg\" alt=\"\" class=\"wp-image-116\" srcset=\"https:\/\/wp.tims-fr.com\/wp-content\/uploads\/2026\/04\/keyence-Capture-decran-2026-04-16-161058.jpg 513w, https:\/\/wp.tims-fr.com\/wp-content\/uploads\/2026\/04\/keyence-Capture-decran-2026-04-16-161058-257x300.jpg 257w\" sizes=\"auto, (max-width: 513px) 100vw, 513px\" \/><\/figure>\n\n\n\n<figure class=\"wp-block-image size-full\"><img loading=\"lazy\" decoding=\"async\" width=\"177\" height=\"266\" data-id=\"129\" src=\"https:\/\/wp.tims-fr.com\/wp-content\/uploads\/2026\/04\/projecteur-de-profil-2-edited.png\" alt=\"\" class=\"wp-image-129\"\/><\/figure>\n\n\n\n<figure class=\"wp-block-image size-large\"><img loading=\"lazy\" decoding=\"async\" width=\"447\" height=\"376\" data-id=\"121\" src=\"https:\/\/wp.tims-fr.com\/wp-content\/uploads\/2026\/04\/keyence-8000.png\" alt=\"\" class=\"wp-image-121\" srcset=\"https:\/\/wp.tims-fr.com\/wp-content\/uploads\/2026\/04\/keyence-8000.png 447w, https:\/\/wp.tims-fr.com\/wp-content\/uploads\/2026\/04\/keyence-8000-300x252.png 300w\" sizes=\"auto, (max-width: 447px) 100vw, 447px\" \/><\/figure>\n\n\n\n<figure class=\"wp-block-image size-full\"><img loading=\"lazy\" decoding=\"async\" width=\"337\" height=\"340\" data-id=\"107\" src=\"https:\/\/wp.tims-fr.com\/wp-content\/uploads\/2026\/04\/bino.png\" alt=\"\" class=\"wp-image-107\" srcset=\"https:\/\/wp.tims-fr.com\/wp-content\/uploads\/2026\/04\/bino.png 337w, https:\/\/wp.tims-fr.com\/wp-content\/uploads\/2026\/04\/bino-297x300.png 297w, https:\/\/wp.tims-fr.com\/wp-content\/uploads\/2026\/04\/bino-150x150.png 150w\" sizes=\"auto, (max-width: 337px) 100vw, 337px\" \/><\/figure>\n\n\n\n<figure class=\"wp-block-image size-large\"><img loading=\"lazy\" decoding=\"async\" width=\"513\" height=\"652\" data-id=\"122\" src=\"https:\/\/wp.tims-fr.com\/wp-content\/uploads\/2026\/04\/keyence-Capture-decran-2026-04-16-161139-1.jpg\" alt=\"\" class=\"wp-image-122\" srcset=\"https:\/\/wp.tims-fr.com\/wp-content\/uploads\/2026\/04\/keyence-Capture-decran-2026-04-16-161139-1.jpg 513w, https:\/\/wp.tims-fr.com\/wp-content\/uploads\/2026\/04\/keyence-Capture-decran-2026-04-16-161139-1-236x300.jpg 236w\" sizes=\"auto, (max-width: 513px) 100vw, 513px\" \/><\/figure>\n\n\n\n<figure class=\"wp-block-image size-large\"><img loading=\"lazy\" decoding=\"async\" width=\"512\" height=\"652\" data-id=\"119\" src=\"https:\/\/wp.tims-fr.com\/wp-content\/uploads\/2026\/04\/keyence-Capture-decran-2026-04-16-161157-1.jpg\" alt=\"\" class=\"wp-image-119\" srcset=\"https:\/\/wp.tims-fr.com\/wp-content\/uploads\/2026\/04\/keyence-Capture-decran-2026-04-16-161157-1.jpg 512w, https:\/\/wp.tims-fr.com\/wp-content\/uploads\/2026\/04\/keyence-Capture-decran-2026-04-16-161157-1-236x300.jpg 236w\" sizes=\"auto, (max-width: 512px) 100vw, 512px\" \/><\/figure>\n\n\n\n<figure class=\"wp-block-image size-large\"><img loading=\"lazy\" decoding=\"async\" width=\"513\" height=\"620\" data-id=\"124\" src=\"https:\/\/wp.tims-fr.com\/wp-content\/uploads\/2026\/04\/keyence-Capture-decran-2026-04-16-161213.jpg\" alt=\"\" class=\"wp-image-124\" srcset=\"https:\/\/wp.tims-fr.com\/wp-content\/uploads\/2026\/04\/keyence-Capture-decran-2026-04-16-161213.jpg 513w, https:\/\/wp.tims-fr.com\/wp-content\/uploads\/2026\/04\/keyence-Capture-decran-2026-04-16-161213-248x300.jpg 248w\" sizes=\"auto, (max-width: 513px) 100vw, 513px\" \/><\/figure>\n\n\n\n<figure class=\"wp-block-image size-full\"><img loading=\"lazy\" decoding=\"async\" width=\"356\" height=\"340\" data-id=\"123\" src=\"https:\/\/wp.tims-fr.com\/wp-content\/uploads\/2026\/04\/rugosimetre-piece-2-1.png\" alt=\"\" class=\"wp-image-123\" srcset=\"https:\/\/wp.tims-fr.com\/wp-content\/uploads\/2026\/04\/rugosimetre-piece-2-1.png 356w, https:\/\/wp.tims-fr.com\/wp-content\/uploads\/2026\/04\/rugosimetre-piece-2-1-300x287.png 300w\" sizes=\"auto, (max-width: 356px) 100vw, 356px\" \/><\/figure>\n<\/figure>\n\n\n\n<div class=\"wp-block-columns alignfull has-background is-layout-flex wp-container-core-columns-is-layout-03ad6a19 wp-block-columns-is-layout-flex\" style=\"background-color:#e27013;margin-bottom:0px\">\n<div class=\"wp-block-column has-global-padding is-content-justification-center is-layout-constrained wp-container-core-column-is-layout-1543dac4 wp-block-column-is-layout-constrained\" style=\"flex-basis:50%\">\n<h3 class=\"wp-block-heading has-text-align-center has-text-align-left has-text-color has-suranna-font-family\" style=\"color:#010101;margin-top:0.5rem;margin-bottom:0rem;font-size:clamp(24.034px, 1.502rem + ((1vw - 3.2px) * 1.663), 40px);font-style:normal;font-weight:500;letter-spacing:0px;line-height:1.3\">Qualit\u00e9 et tra\u00e7abilit\u00e9 :<\/h3>\n\n\n\n<p class=\"has-text-align-left has-pontano-sans-font-family has-text-color\" style=\"color:#010101;margin-top:20px;margin-bottom:20px;font-size:clamp(14px, 0.875rem + ((1vw - 3.2px) * 0.417), 18px);font-style:normal;font-weight:400;line-height:1.5\"><strong>Nos processus garantissent<\/strong> <strong>une tra\u00e7abilit\u00e9 compl\u00e8te de la production<\/strong>, depuis la validation des \u00e9chantillions initiaux jusqu&rsquo;\u00e0 la livraison des pi\u00e8ces finies.<\/p>\n\n\n\n<p>Notre approche repose sur <strong>la ma\u00eetrise des proc\u00e9d\u00e9s, de la documentation technique et de la conformit\u00e9 aux sp\u00e9cifications<\/strong>: Certificats de conformit\u00e9, FAI, Suivi de production d\u00e9taill\u00e9, proc\u00e9s-verbaux de contr\u00f4le final &#8230;<\/p>\n\n\n\n<p class=\"has-text-align-left has-pontano-sans-font-family has-text-color\" style=\"color:#010101;margin-top:20px;margin-bottom:20px;font-size:clamp(14px, 0.875rem + ((1vw - 3.2px) * 0.417), 18px);font-style:normal;font-weight:400;line-height:1.5\"><\/p>\n<\/div>\n\n\n\n<div class=\"wp-block-column is-vertically-aligned-center is-layout-flow wp-block-column-is-layout-flow\" style=\"flex-basis:50%\">\n<figure class=\"wp-block-image alignright size-full is-resized\"><img loading=\"lazy\" decoding=\"async\" width=\"1280\" height=\"854\" src=\"https:\/\/wp.tims-fr.com\/wp-content\/uploads\/2026\/04\/tracabilite-1.png\" alt=\"\" class=\"wp-image-175\" style=\"aspect-ratio:1.3333333333333333;object-fit:cover;width:404px;height:auto\" srcset=\"https:\/\/wp.tims-fr.com\/wp-content\/uploads\/2026\/04\/tracabilite-1.png 1280w, https:\/\/wp.tims-fr.com\/wp-content\/uploads\/2026\/04\/tracabilite-1-300x200.png 300w, https:\/\/wp.tims-fr.com\/wp-content\/uploads\/2026\/04\/tracabilite-1-1024x683.png 1024w, https:\/\/wp.tims-fr.com\/wp-content\/uploads\/2026\/04\/tracabilite-1-768x512.png 768w\" sizes=\"auto, (max-width: 1280px) 100vw, 1280px\" \/><\/figure>\n<\/div>\n<\/div>\n\n\n\n<p><\/p>\n","protected":false},"excerpt":{"rendered":"<p>Contr\u00f4le dimensionnel : En tant qu&rsquo;expert du d\u00e9colletage certifi\u00e9 EN9100 et EN9001, nous mettons \u00e0 votre disposition des moyens de contr\u00f4le dimensionnel performants et adapt\u00e9s \u00e0 vos exigences. Notre parc d&rsquo;\u00e9quipement inclut notamment un syst\u00e8me cam\u00e9ra de contr\u00f4le assist\u00e9 par ordinateur Keyence, un projecteurs de profil, un rugosim\u00e8tre, un contourographe, ainsi que desinstruments de m\u00e9trologie [&hellip;]<\/p>\n","protected":false},"author":1,"featured_media":0,"parent":0,"menu_order":0,"comment_status":"closed","ping_status":"closed","template":"","meta":{"footnotes":""},"class_list":["post-104","page","type-page","status-publish","hentry"],"_links":{"self":[{"href":"https:\/\/wp.tims-fr.com\/index.php?rest_route=\/wp\/v2\/pages\/104","targetHints":{"allow":["GET"]}}],"collection":[{"href":"https:\/\/wp.tims-fr.com\/index.php?rest_route=\/wp\/v2\/pages"}],"about":[{"href":"https:\/\/wp.tims-fr.com\/index.php?rest_route=\/wp\/v2\/types\/page"}],"author":[{"embeddable":true,"href":"https:\/\/wp.tims-fr.com\/index.php?rest_route=\/wp\/v2\/users\/1"}],"replies":[{"embeddable":true,"href":"https:\/\/wp.tims-fr.com\/index.php?rest_route=%2Fwp%2Fv2%2Fcomments&post=104"}],"version-history":[{"count":15,"href":"https:\/\/wp.tims-fr.com\/index.php?rest_route=\/wp\/v2\/pages\/104\/revisions"}],"predecessor-version":[{"id":177,"href":"https:\/\/wp.tims-fr.com\/index.php?rest_route=\/wp\/v2\/pages\/104\/revisions\/177"}],"wp:attachment":[{"href":"https:\/\/wp.tims-fr.com\/index.php?rest_route=%2Fwp%2Fv2%2Fmedia&parent=104"}],"curies":[{"name":"wp","href":"https:\/\/api.w.org\/{rel}","templated":true}]}}